is the remainder when 835 is divided by ((-84)/(-27) + -10)*-36?
91
Let k(b) = -b**3 + 12*b**2 - b + 4. Let t be k(11). Let l = t - 0. Calculate the remainder when l is divided by 24.
18
What is the remainder when 2/(-7) - ((-8745)/(-21))/(-5) is divided by ((-76)/10)/(406/(-1015))?
7
Let y = 16 + -4. Let r = 47 + y. What is the remainder when r is divided by 1 + (-57)/(-6) + ((-3)/2 - -1)?
9
Suppose 0 = -434*a + 37168 - 2517 + 48243. Calculate the remainder when a is divided by ((-3)/(-3))/(2/32).
15
Let l(w) = w**2 + 20*w - 25. Let b be l(-21). Let u(g) = g**2 - 10. What is the remainder when u(7) is divided by 1 - b - (-8)/(24/45)?
19
Suppose 15*k + 296 = -334. Let i be (k/24 - 9/(-12)) + -71. Let g = 120 + i. Calculate the remainder when g is divided by 21.
6
Let u = -12 + 8. Let x be ((u/(-6))/(-1))/(28/(-84)). Suppose -4*c + 92 = 4*j, -x*c - 5*j + 21 + 37 = 0. Calculate the remainder when 56 is divided by c.
18
Let v = -3039 + 3106. Calculate the remainder when 868 is divided by v.
64
Suppose -7*o + 1113 = 14*o. Calculate the remainder when 89 is divided by o.
36
Suppose 5*s = -9 + 24, 354 = 3*p + 2*s. What is the remainder when p is divided by 2/(-1)*105/(-15)?
4
Let i = 245 + -232. Suppose -2621*y = -2628*y + 182. Calculate the remainder when y is divided by i.
0
Let y(h) = -5*h**3 + 2*h**2 - 7*h - 17. Let t(v) = 11*v**3 - 3*v**2 + 13*v + 34. Let m(i) = 6*t(i) + 13*y(i). What is the remainder when m(-9) is divided by 7?
5
Suppose -3305 = -22*y + 589. Calculate the remainder when 879 is divided by y.
171
Let p(l) = 18*l**2 + 3*l**3 - 11*l + 0*l**3 - l - 2*l - 8. What is the remainder when 149 is divided by p(-6)?
73
Suppose 11 = 6*s - 5*s. Suppose -10*c = -s*c + 9. Suppose -2*t + 1504 = 45*t. What is the remainder when t is divided by c?
5
Let b(o) = -o + 9. Suppose 2*n + 5*k = -33, 2*n - 2*k = -70 + 16. What is the remainder when 129 is divided by b(n)?
30
What is the remainder when ((-118)/118)/((-1)/454) is divided by 42?
34
Let w(k) = 5*k + 5. Let c be w(0). Suppose -3*b + 143 = -4*o, o - 5*o + 185 = 5*b. Calculate the remainder when b is divided by (-7 - -1)*(c - 6).
5
Let g(d) = d + 22. Let v be g(0). Suppose -v*u = -25*u + 9. Suppose -6*o - u*o + 567 = 0. Calculate the remainder when o is divided by 11.
8
Let w be 1587/27 + (-4)/(-18). Suppose -4*a + 9*a = 108 - 8. What is the remainder when w*-1*(1 - 2) is divided by a?
19
Let k = 31 - -9. Calculate the remainder when k is divided by (3 - 5)/(14 + (-174)/12).
0
Let c(b) = 50*b**2 + 17*b - 4. Let j be (2 - 14) + 9 - 10/(-2). What is the remainder when c(j) is divided by 58?
56
Suppose -3 = o - 22. Suppose -2*i + 4*n = -34, -o - 1 = -5*n. Calculate the remainder when i is divided by (-2)/7 + (-300)/(-21).
11
Let w be (12924/(-24))/((-6)/4). Suppose -4*c - 3*x - w = -6*c, 3*c + 2*x - 532 = 0. Calculate the remainder when c is divided by 61.
56
Suppose -2*i + 7629 = -5*i + 3*o, 0 = i - 2*o + 2542. Let y = -1293 - -1310. What is the remainder when i/(-26) - 10/(-65) is divided by y?
13
Let j(z) = 218*z - 4530. What is the remainder when j(22) is divided by 128?
10
Let b = -16 + 26. Suppose b*k = 4*k + 66. Calculate the remainder when (40 - 2)/(3/6) is divided by k.
10
Let g(y) = 131*y - 5707. Calculate the remainder when 2562 is divided by g(44).
54
Let o(l) = 8*l**2 + 46*l - 203. Calculate the remainder when o(4) is divided by 90.
19
Let n = -10 - -14. Let i(l) = l**2 - 58*l + 846. Let k be i(34). Suppose k = n*r + r. Calculate the remainder when 10 is divided by r.
4
Let b be 7 + ((-15)/5 + 4 - 4). Calculate the remainder when 79 is divided by ((-36)/9)/(b/(-14)).
9
Let d(h) = -9*h + 263. Let w be d(29). Suppose 3*r - 226 = -2*o, -5*r + 392 = -w*o + 26. Calculate the remainder when 220 is divided by r.
72
Let x(v) = 5*v**2 + 1. Suppose -3*j + 102 = p + 2*p, 5*j - 71 = -2*p. Calculate the remainder when p is divided by x(-1).
3
Suppose -m + j = -29, -2*j + 163 = 5*m + 2*j. Suppose m = -2*z + 93. What is the remainder when 247 is divided by z?
30
Let z(h) = -h**3 + 9*h**2 + 9*h - 59. Suppose -10 = -4*f + 2. Suppose 5*n = -f*b + 45, 2*n = 4*n + 3*b - 18. Calculate the remainder when 36 is divided by z(n).
14
Suppose -2*u - 6 = 5*t, -3*u + 5*t = t - 14. Suppose -2*n = 3*c - 4*c - 45, u*c = n - 27. Let s = -14 - -96. Calculate the remainder when s is divided by n.
19
Suppose 41*r - 45*r - 2 = 3*u, u + r = 2. Calculate the remainder when 14269 is divided by u.
9
Let q = -3755 + 4918. Calculate the remainder when q is divided by 12.
11
Suppose 5*i - 672 = -2*b, 0 = i - 5*b - 87 - 69. What is the remainder when -4276 + 4291 + (-146)/((-2)/1) is divided by i/6 + 2/6?
19
Suppose -4*n = 162 - 1210. Suppose 4*y = -0*f - 4*f + 36, -38 = -2*y + 2*f. Calculate the remainder when n/5 - (-24)/40 is divided by y.
11
Let j = -330 - -451. Let o be (-2)/8 + (-219)/4 + 2. Let h = 94 + o. What is the remainder when j is divided by h?
39
Suppose 0 = 66*m - 8*m - 35960. What is the remainder when m is divided by 125?
120
Let q = 51650 + -51581. What is the remainder when (199 - -2)/(9/6) is divided by q?
65
Let k be (0/(-6 + 4))/(2 - 1). Suppose k = -2*r, -2*h + h - 4*r = -6. Suppose 60 - 160 = -5*j. What is the remainder when j is divided by h?
2
Let p = -2371 + 2380. Let j = -29 - -117. What is the remainder when j is divided by p?
7
Let u = -86 + 139. Suppose -2*r - u = -77. What is the remainder when 81 is divided by r?
9
Suppose 0 = -7*k - 82 + 103. Suppose -k*m = 5*p - 104 + 34, 14 = p + 3*m. What is the remainder when 167 is divided by p?
13
Let x = -380 + 382. Suppose 3*p + x*r - 183 = 5*r, 0 = -2*p - 2*r + 114. What is the remainder when 116 is divided by p?
57
Suppose l - v = 85, 4*v = -37*l + 45*l - 664. Let g(s) = 3*s - 2. Let j be g(-2). What is the remainder when l is divided by -70*(j/(-5) + -2)?
25
Let u = -25 + 103. Suppose -5*c + u = -77. Suppose 33*y = c*y + 128. What is the remainder when y is divided by 11?
9
Let y = -1137 + 2790. What is the remainder when y is divided by 34?
21
Suppose -2*b + 47*b - 2520 = 0. Calculate the remainder when 172 is divided by b.
4
Suppose 4*z - 30 = 5*w, -w + 0*w = -z + 5. Let v(p) = -3*p - 21. Suppose -587*r - 208 = -595*r. Calculate the remainder when r is divided by v(w).
8
Suppose 111 = -5*t + 341. Suppose 5*j - 48 = -v - 10, 5*v + 3*j = 102. Calculate the remainder when t is divided by v.
10
Suppose 14*s + 66066 = 135*s. What is the remainder when s is divided by 23?
17
Let p(w) be the first derivative of -w**4/4 + 3*w**3 - 4*w**2 + 9*w + 51. Calculate the remainder when p(6) is divided by 19.
12
Let m(v) = 2*v**2 - 6*v + 1. Let j be m(3). Calculate the remainder when 223 is divided by (-3 - (j - 2)) + 59.
52
Let y = -1877 - -1923. What is the remainder when 488 is divided by y?
28
Suppose 4*n + 3776 = 12*n. Let m = -442 + n. Calculate the remainder when 118 is divided by m.
28
Let g(k) = 7*k**2 + 93 - 22*k + 8*k**2 - 2*k - 16*k**2. What is the remainder when 242 is divided by g(-26)?
37
Suppose -1 = -u + 2. Let l be ((-18)/15)/(15/(-50)). Suppose 3*a + 42 = 5*a + 2*k, l*a - k - 64 = 0. Calculate the remainder when a is divided by u.
2
Suppose c = 48 - 28. Let m(y) = 59*y + 491. What is the remainder when m(-5) is divided by c?
16
Let m be (-1)/2 - (282/(-4) - -1). Let h = 101 - m. Calculate the remainder when h is divided by (4/(-6))/(22/(-693)).
11
What is the remainder when 1131 is divided by (-2)/(-34) + (-23529)/(-561)?
39
Suppose -3*t + 3*k = -576, 4*k + k + 393 = 2*t. Calculate the remainder when t is divided by (-1145)/(-30) + 1/66*-11.
37
Suppose 9*q = 4*q - 108 + 3183. Calculate the remainder when q is divided by 16.
7
Let l = -199 + 281. Suppose 2*z - 2*j = 552, 4*j - 19 = -3. Let d = z - 263. Calculate the remainder when l is divided by d.
14
Let u = 85 - 139. Let z be (u/15)/(8/60). Let m = -9 - z. Calculate the remainder when 89 is divided by m.
17
Suppose o - 2*h + 4*h = 26, 4*h + 44 = 4*o. Suppose 1296 = 5*v + 3*c, 3061*v = 3066*v - 2*c - 1261. Calculate the remainder when v is divided by o.
15
Let u be (25/(-20) - 1)/(2/(-384)). Suppose 3*s - u = -s + 2*z, -2*s + 216 = 4*z. Calculate the remainder when s is divided by 45.
18
Suppose -a = -5*a + 204. Let f(w) = -15*w - 27. Let y be f(8). What is the remainder when (2 - y)/((3 - 